{"id":3375,"date":"2021-07-05T11:23:18","date_gmt":"2021-07-05T10:23:18","guid":{"rendered":"https:\/\/datazonesystems.com\/shop\/?post_type=product&#038;p=3375"},"modified":"2023-10-06T19:33:04","modified_gmt":"2023-10-06T18:33:04","slug":"h470-phantom-gaming-4","status":"publish","type":"product","link":"https:\/\/datazonesystems.dz\/shop\/product\/h470-phantom-gaming-4\/","title":{"rendered":"ASRock H470 Phantom Gaming 4"},"content":{"rendered":"","protected":false},"excerpt":{"rendered":"<div id=\"briefDesc\">\n<ul>\n<li>Supporte Processeurs Intel<sup>\u00ae<\/sup> Core\u2122 de 10\u00e8me g\u00e9n\u00e9ration (Socket 1200)<\/li>\n<li>10 phase de puissance<\/li>\n<li>Supporte DDR4 2933MHz<\/li>\n<li>2 PCIe 3.0 x16, 3 PCIe 3.0 x1, 1 M.2 (Key E) pour WiFi<\/li>\n<li>AMD Quad CrossFireX\u2122 et CrossFireX\u2122<\/li>\n<li>Sorties graphiques disponibles : HDMI, DisplayPort<\/li>\n<li>l&#8217;audio 7.1 CH HD (Codec l&#8217;audio Realtek ALC1200), Nahimic l&#8217;audio<\/li>\n<li>6 SATA3, 2 Ultra M.2 (PCIe Gen3 x4 &amp; SATA3)<\/li>\n<li>2 USB 3.2 Gen2 (Type-A + Type-C)<\/li>\n<li>6 USB 3.2 Gen1 (4 en fa\u00e7ade, 2 l&#8217;arri\u00e8re)<\/li>\n<li>Intel<sup>\u00ae<\/sup> LAN Gigabit<\/li>\n<li>Polychrome SYNC<\/li>\n<\/ul>\n<\/div>\n<p><img loading=\"lazy\" decoding=\"async\" class=\"wp-image-3058 size-thumbnail alignright\" src=\"https:\/\/datazonesystems.dz\/shop\/wp-content\/uploads\/2021\/05\/ASRock-logo-150x150.png\" alt=\"\" width=\"150\" height=\"150\" \/><\/p>\n<p><img loading=\"lazy\" decoding=\"async\" class=\"wp-image-3063 size-thumbnail alignright\" src=\"https:\/\/datazonesystems.dz\/shop\/wp-content\/uploads\/2021\/05\/intel-150x150.png\" alt=\"\" width=\"150\" height=\"150\" \/><\/p>\n<div id=\"briefDesc\">\n<p><img loading=\"lazy\" decoding=\"async\" class=\"size-full wp-image-3267 alignright\" src=\"https:\/\/datazonesystems.dz\/shop\/wp-content\/uploads\/2021\/05\/PAIM-1.jpg\" alt=\"\" width=\"334\" height=\"151\" \/><\/p>\n<\/div>\n","protected":false},"featured_media":3376,"comment_status":"open","ping_status":"closed","template":"","meta":[],"product_cat":[105,102,16,21],"product_tag":[],"class_list":["post-3375","product","type-product","status-publish","has-post-thumbnail","hentry","product_cat-coin-asrock","product_cat-intel","product_cat-composants-pc","product_cat-carte-mere"],"_links":{"self":[{"href":"https:\/\/datazonesystems.dz\/shop\/wp-json\/wp\/v2\/product\/3375","targetHints":{"allow":["GET"]}}],"collection":[{"href":"https:\/\/datazonesystems.dz\/shop\/wp-json\/wp\/v2\/product"}],"about":[{"href":"https:\/\/datazonesystems.dz\/shop\/wp-json\/wp\/v2\/types\/product"}],"replies":[{"embeddable":true,"href":"https:\/\/datazonesystems.dz\/shop\/wp-json\/wp\/v2\/comments?post=3375"}],"wp:featuredmedia":[{"embeddable":true,"href":"https:\/\/datazonesystems.dz\/shop\/wp-json\/wp\/v2\/media\/3376"}],"wp:attachment":[{"href":"https:\/\/datazonesystems.dz\/shop\/wp-json\/wp\/v2\/media?parent=3375"}],"wp:term":[{"taxonomy":"product_cat","embeddable":true,"href":"https:\/\/datazonesystems.dz\/shop\/wp-json\/wp\/v2\/product_cat?post=3375"},{"taxonomy":"product_tag","embeddable":true,"href":"https:\/\/datazonesystems.dz\/shop\/wp-json\/wp\/v2\/product_tag?post=3375"}],"curies":[{"name":"wp","href":"https:\/\/api.w.org\/{rel}","templated":true}]}}